{"id":168,"date":"2017-11-20T22:01:34","date_gmt":"2017-11-20T21:01:34","guid":{"rendered":"http:\/\/neuchatelhockeyclub.ch\/?page_id=168"},"modified":"2018-05-01T12:40:31","modified_gmt":"2018-05-01T11:40:31","slug":"generalites","status":"publish","type":"page","link":"https:\/\/www.neuchatelhockeyclub.ch\/index.php\/le-club\/generalites\/","title":{"rendered":"G\u00e9n\u00e9ralit\u00e9s"},"content":{"rendered":"\t\t<div data-elementor-type=\"wp-post\" data-elementor-id=\"168\" class=\"elementor elementor-168 elementor-bc-flex-widget\">\n\t\t\t\t\t\t<section class=\"elementor-section elementor-top-section elementor-element elementor-element-71a5d98b elementor-section-boxed elementor-section-height-default elementor-section-height-default\" data-id=\"71a5d98b\" data-element_type=\"section\">\n\t\t\t\t\t\t<div class=\"elementor-container elementor-column-gap-default\">\n\t\t\t\t\t<div class=\"elementor-column elementor-col-100 elementor-top-column elementor-element elementor-element-43b5be78\" data-id=\"43b5be78\" data-element_type=\"column\">\n\t\t\t<div class=\"elementor-widget-wrap elementor-element-populated\">\n\t\t\t\t\t\t<section class=\"elementor-section elementor-inner-section elementor-element elementor-element-26b8063 elementor-section-boxed elementor-section-height-default elementor-section-height-default\" data-id=\"26b8063\" data-element_type=\"section\">\n\t\t\t\t\t\t<div class=\"elementor-container elementor-column-gap-default\">\n\t\t\t\t\t<div class=\"elementor-column elementor-col-50 elementor-inner-column elementor-element elementor-element-b7f7c8e\" data-id=\"b7f7c8e\" data-element_type=\"column\">\n\t\t\t<div class=\"elementor-widget-wrap elementor-element-populated\">\n\t\t\t\t\t\t<div class=\"elementor-element elementor-element-44136d31 elementor-widget elementor-widget-text-editor\" data-id=\"44136d31\" data-element_type=\"widget\" data-widget_type=\"text-editor.default\">\n\t\t\t\t<div class=\"elementor-widget-container\">\n\t\t\t\t\t\t\t\t\t<table border=\"0\" cellspacing=\"0\" cellpadding=\"0\"><tbody><tr><td valign=\"top\">\u00a0Nom officiel :<\/td><td valign=\"top\"><i>Neuch\u00e2tel Hockey Club<\/i><\/td><\/tr><tr><td valign=\"top\">\u00a0Sigle :<\/td><td valign=\"top\"><i>NHC<\/i><\/td><\/tr><tr><td valign=\"top\">\u00a0Fond\u00e9 en :<\/td><td valign=\"top\"><i>1924 (1919 premi\u00e8re mention)\u00a0 \u00a0\u00a0<\/i><\/td><\/tr><tr><td valign=\"top\">\u00a0Si\u00e8ge :<\/td><td valign=\"top\"><i>Neuch\u00e2tel\u00a0<\/i><\/td><\/tr><tr><td valign=\"top\">\u00a0Adresse postale :<\/td><td valign=\"top\">\u00a0<i>c\/o Jean-Luc Jenni<\/i> <i>Rue des Parcs 86<\/i> <i>2000 Neuch\u00e2tel<\/i><\/td><\/tr><tr><td valign=\"top\">\u00a0E-mail :<\/td><td valign=\"top\"><i>comite[point]nhc[at]hockeybilingue[point]ch<\/i><\/td><\/tr><tr><td valign=\"top\">\u00a0Relation bancaire (IBAN) :<\/td><td valign=\"top\"><span lang=\"EN-US\">BANQUE CANTONALE NEUCHATELOISE<br \/> CH21 0076 6000 L121 9200 7<\/span><\/td><\/tr><tr><td valign=\"top\">\u00a0Membres :<\/td><td valign=\"top\">\u00a0<i>~40 personnes<\/i><\/td><\/tr><tr><td valign=\"top\">\u00a0PV AG :<\/td><td valign=\"top\">\u00a0lien url<\/td><\/tr><\/tbody><\/table>\t\t\t\t\t\t\t\t<\/div>\n\t\t\t\t<\/div>\n\t\t\t\t\t<\/div>\n\t\t<\/div>\n\t\t\t\t<div class=\"elementor-column elementor-col-50 elementor-inner-column elementor-element elementor-element-4467abe\" data-id=\"4467abe\" data-element_type=\"column\">\n\t\t\t<div class=\"elementor-widget-wrap elementor-element-populated\">\n\t\t\t\t\t\t<div class=\"elementor-element elementor-element-40d3979 elementor-widget elementor-widget-image\" data-id=\"40d3979\" data-element_type=\"widget\" data-widget_type=\"image.default\">\n\t\t\t\t<div class=\"elementor-widget-container\">\n\t\t\t\t\t\t\t\t\t\t\t\t\t\t\t<img decoding=\"async\" width=\"300\" height=\"118\" src=\"https:\/\/www.neuchatelhockeyclub.ch\/wp-content\/uploads\/2017\/11\/logo_NHC_topleft_300px.png\" class=\"attachment-large size-large wp-image-49\" alt=\"\" srcset=\"https:\/\/www.neuchatelhockeyclub.ch\/wp-content\/uploads\/2017\/11\/logo_NHC_topleft_300px.png 300w, https:\/\/www.neuchatelhockeyclub.ch\/wp-content\/uploads\/2017\/11\/logo_NHC_topleft_300px-128x50.png 128w, https:\/\/www.neuchatelhockeyclub.ch\/wp-content\/uploads\/2017\/11\/logo_NHC_topleft_300px-32x13.png 32w, https:\/\/www.neuchatelhockeyclub.ch\/wp-content\/uploads\/2017\/11\/logo_NHC_topleft_300px-3x1.png 3w\" sizes=\"(max-width: 300px) 100vw, 300px\" \/>\t\t\t\t\t\t\t\t\t\t\t\t\t\t\t<\/div>\n\t\t\t\t<\/div>\n\t\t\t\t\t<\/div>\n\t\t<\/div>\n\t\t\t\t\t<\/div>\n\t\t<\/section>\n\t\t\t\t\t<\/div>\n\t\t<\/div>\n\t\t\t\t\t<\/div>\n\t\t<\/section>\n\t\t\t\t<\/div>\n\t\t","protected":false},"excerpt":{"rendered":"<p>\u00a0Nom officiel : Neuch\u00e2tel Hockey Club \u00a0Sigle : NHC \u00a0Fond\u00e9 en : 1924 (1919 premi\u00e8re mention)\u00a0 \u00a0\u00a0 \u00a0Si\u00e8ge : Neuch\u00e2tel\u00a0 \u00a0Adresse postale : \u00a0c\/o Jean-Luc Jenni Rue des Parcs 86 2000 Neuch\u00e2tel \u00a0E-mail : comite[point]nhc[at]hockeybilingue[point]ch \u00a0Relation bancaire (IBAN) : BANQUE CANTONALE NEUCHATELOISE CH21 0076 6000 L121 9200 7 \u00a0Membres : \u00a0~40 personnes \u00a0PV AG : [&hellip;]<\/p>\n","protected":false},"author":2,"featured_media":0,"parent":123,"menu_order":0,"comment_status":"closed","ping_status":"closed","template":"page-templates\/full-width.php","meta":{"footnotes":""},"class_list":["post-168","page","type-page","status-publish","hentry"],"yoast_head":"<!-- This site is optimized with the Yoast SEO plugin v25.1 - https:\/\/yoast.com\/wordpress\/plugins\/seo\/ -->\n<title>G\u00e9n\u00e9ralit\u00e9s - Neuch\u00e2tel Hockey Club<\/title>\n<meta name=\"robots\" content=\"index, follow, max-snippet:-1, max-image-preview:large, max-video-preview:-1\" \/>\n<link rel=\"canonical\" href=\"https:\/\/www.neuchatelhockeyclub.ch\/index.php\/le-club\/generalites\/\" \/>\n<meta property=\"og:locale\" content=\"fr_FR\" \/>\n<meta property=\"og:type\" content=\"article\" \/>\n<meta property=\"og:title\" content=\"G\u00e9n\u00e9ralit\u00e9s - Neuch\u00e2tel Hockey Club\" \/>\n<meta property=\"og:description\" content=\"\u00a0Nom officiel : Neuch\u00e2tel Hockey Club \u00a0Sigle : NHC \u00a0Fond\u00e9 en : 1924 (1919 premi\u00e8re mention)\u00a0 \u00a0\u00a0 \u00a0Si\u00e8ge : Neuch\u00e2tel\u00a0 \u00a0Adresse postale : \u00a0c\/o Jean-Luc Jenni Rue des Parcs 86 2000 Neuch\u00e2tel \u00a0E-mail : comite[point]nhc[at]hockeybilingue[point]ch \u00a0Relation bancaire (IBAN) : BANQUE CANTONALE NEUCHATELOISE CH21 0076 6000 L121 9200 7 \u00a0Membres : \u00a0~40 personnes \u00a0PV AG : [&hellip;]\" \/>\n<meta property=\"og:url\" content=\"https:\/\/www.neuchatelhockeyclub.ch\/index.php\/le-club\/generalites\/\" \/>\n<meta property=\"og:site_name\" content=\"Neuch\u00e2tel Hockey Club\" \/>\n<meta property=\"article:modified_time\" content=\"2018-05-01T11:40:31+00:00\" \/>\n<meta property=\"og:image\" content=\"http:\/\/192.168.71.102:8008\/wp-content\/uploads\/2017\/11\/logo_NHC_topleft_300px.png\" \/>\n<meta name=\"twitter:card\" content=\"summary_large_image\" \/>\n<script type=\"application\/ld+json\" class=\"yoast-schema-graph\">{\"@context\":\"https:\/\/schema.org\",\"@graph\":[{\"@type\":\"WebPage\",\"@id\":\"https:\/\/www.neuchatelhockeyclub.ch\/index.php\/le-club\/generalites\/\",\"url\":\"https:\/\/www.neuchatelhockeyclub.ch\/index.php\/le-club\/generalites\/\",\"name\":\"G\u00e9n\u00e9ralit\u00e9s - Neuch\u00e2tel Hockey Club\",\"isPartOf\":{\"@id\":\"https:\/\/www.neuchatelhockeyclub.ch\/#website\"},\"primaryImageOfPage\":{\"@id\":\"https:\/\/www.neuchatelhockeyclub.ch\/index.php\/le-club\/generalites\/#primaryimage\"},\"image\":{\"@id\":\"https:\/\/www.neuchatelhockeyclub.ch\/index.php\/le-club\/generalites\/#primaryimage\"},\"thumbnailUrl\":\"http:\/\/192.168.71.102:8008\/wp-content\/uploads\/2017\/11\/logo_NHC_topleft_300px.png\",\"datePublished\":\"2017-11-20T21:01:34+00:00\",\"dateModified\":\"2018-05-01T11:40:31+00:00\",\"breadcrumb\":{\"@id\":\"https:\/\/www.neuchatelhockeyclub.ch\/index.php\/le-club\/generalites\/#breadcrumb\"},\"inLanguage\":\"fr-FR\",\"potentialAction\":[{\"@type\":\"ReadAction\",\"target\":[\"https:\/\/www.neuchatelhockeyclub.ch\/index.php\/le-club\/generalites\/\"]}]},{\"@type\":\"ImageObject\",\"inLanguage\":\"fr-FR\",\"@id\":\"https:\/\/www.neuchatelhockeyclub.ch\/index.php\/le-club\/generalites\/#primaryimage\",\"url\":\"http:\/\/192.168.71.102:8008\/wp-content\/uploads\/2017\/11\/logo_NHC_topleft_300px.png\",\"contentUrl\":\"http:\/\/192.168.71.102:8008\/wp-content\/uploads\/2017\/11\/logo_NHC_topleft_300px.png\"},{\"@type\":\"BreadcrumbList\",\"@id\":\"https:\/\/www.neuchatelhockeyclub.ch\/index.php\/le-club\/generalites\/#breadcrumb\",\"itemListElement\":[{\"@type\":\"ListItem\",\"position\":1,\"name\":\"Home\",\"item\":\"https:\/\/www.neuchatelhockeyclub.ch\/\"},{\"@type\":\"ListItem\",\"position\":2,\"name\":\"Le Club\",\"item\":\"https:\/\/www.neuchatelhockeyclub.ch\/index.php\/le-club\/\"},{\"@type\":\"ListItem\",\"position\":3,\"name\":\"G\u00e9n\u00e9ralit\u00e9s\"}]},{\"@type\":\"WebSite\",\"@id\":\"https:\/\/www.neuchatelhockeyclub.ch\/#website\",\"url\":\"https:\/\/www.neuchatelhockeyclub.ch\/\",\"name\":\"Neuch\u00e2tel Hockey Club\",\"description\":\"Hockey sur gazon\",\"potentialAction\":[{\"@type\":\"SearchAction\",\"target\":{\"@type\":\"EntryPoint\",\"urlTemplate\":\"https:\/\/www.neuchatelhockeyclub.ch\/?s={search_term_string}\"},\"query-input\":{\"@type\":\"PropertyValueSpecification\",\"valueRequired\":true,\"valueName\":\"search_term_string\"}}],\"inLanguage\":\"fr-FR\"}]}<\/script>\n<!-- \/ Yoast SEO plugin. -->","yoast_head_json":{"title":"G\u00e9n\u00e9ralit\u00e9s - Neuch\u00e2tel Hockey Club","robots":{"index":"index","follow":"follow","max-snippet":"max-snippet:-1","max-image-preview":"max-image-preview:large","max-video-preview":"max-video-preview:-1"},"canonical":"https:\/\/www.neuchatelhockeyclub.ch\/index.php\/le-club\/generalites\/","og_locale":"fr_FR","og_type":"article","og_title":"G\u00e9n\u00e9ralit\u00e9s - Neuch\u00e2tel Hockey Club","og_description":"\u00a0Nom officiel : Neuch\u00e2tel Hockey Club \u00a0Sigle : NHC \u00a0Fond\u00e9 en : 1924 (1919 premi\u00e8re mention)\u00a0 \u00a0\u00a0 \u00a0Si\u00e8ge : Neuch\u00e2tel\u00a0 \u00a0Adresse postale : \u00a0c\/o Jean-Luc Jenni Rue des Parcs 86 2000 Neuch\u00e2tel \u00a0E-mail : comite[point]nhc[at]hockeybilingue[point]ch \u00a0Relation bancaire (IBAN) : BANQUE CANTONALE NEUCHATELOISE CH21 0076 6000 L121 9200 7 \u00a0Membres : \u00a0~40 personnes \u00a0PV AG : [&hellip;]","og_url":"https:\/\/www.neuchatelhockeyclub.ch\/index.php\/le-club\/generalites\/","og_site_name":"Neuch\u00e2tel Hockey Club","article_modified_time":"2018-05-01T11:40:31+00:00","og_image":[{"url":"http:\/\/192.168.71.102:8008\/wp-content\/uploads\/2017\/11\/logo_NHC_topleft_300px.png","type":"","width":"","height":""}],"twitter_card":"summary_large_image","schema":{"@context":"https:\/\/schema.org","@graph":[{"@type":"WebPage","@id":"https:\/\/www.neuchatelhockeyclub.ch\/index.php\/le-club\/generalites\/","url":"https:\/\/www.neuchatelhockeyclub.ch\/index.php\/le-club\/generalites\/","name":"G\u00e9n\u00e9ralit\u00e9s - Neuch\u00e2tel Hockey Club","isPartOf":{"@id":"https:\/\/www.neuchatelhockeyclub.ch\/#website"},"primaryImageOfPage":{"@id":"https:\/\/www.neuchatelhockeyclub.ch\/index.php\/le-club\/generalites\/#primaryimage"},"image":{"@id":"https:\/\/www.neuchatelhockeyclub.ch\/index.php\/le-club\/generalites\/#primaryimage"},"thumbnailUrl":"http:\/\/192.168.71.102:8008\/wp-content\/uploads\/2017\/11\/logo_NHC_topleft_300px.png","datePublished":"2017-11-20T21:01:34+00:00","dateModified":"2018-05-01T11:40:31+00:00","breadcrumb":{"@id":"https:\/\/www.neuchatelhockeyclub.ch\/index.php\/le-club\/generalites\/#breadcrumb"},"inLanguage":"fr-FR","potentialAction":[{"@type":"ReadAction","target":["https:\/\/www.neuchatelhockeyclub.ch\/index.php\/le-club\/generalites\/"]}]},{"@type":"ImageObject","inLanguage":"fr-FR","@id":"https:\/\/www.neuchatelhockeyclub.ch\/index.php\/le-club\/generalites\/#primaryimage","url":"http:\/\/192.168.71.102:8008\/wp-content\/uploads\/2017\/11\/logo_NHC_topleft_300px.png","contentUrl":"http:\/\/192.168.71.102:8008\/wp-content\/uploads\/2017\/11\/logo_NHC_topleft_300px.png"},{"@type":"BreadcrumbList","@id":"https:\/\/www.neuchatelhockeyclub.ch\/index.php\/le-club\/generalites\/#breadcrumb","itemListElement":[{"@type":"ListItem","position":1,"name":"Home","item":"https:\/\/www.neuchatelhockeyclub.ch\/"},{"@type":"ListItem","position":2,"name":"Le Club","item":"https:\/\/www.neuchatelhockeyclub.ch\/index.php\/le-club\/"},{"@type":"ListItem","position":3,"name":"G\u00e9n\u00e9ralit\u00e9s"}]},{"@type":"WebSite","@id":"https:\/\/www.neuchatelhockeyclub.ch\/#website","url":"https:\/\/www.neuchatelhockeyclub.ch\/","name":"Neuch\u00e2tel Hockey Club","description":"Hockey sur gazon","potentialAction":[{"@type":"SearchAction","target":{"@type":"EntryPoint","urlTemplate":"https:\/\/www.neuchatelhockeyclub.ch\/?s={search_term_string}"},"query-input":{"@type":"PropertyValueSpecification","valueRequired":true,"valueName":"search_term_string"}}],"inLanguage":"fr-FR"}]}},"_links":{"self":[{"href":"https:\/\/www.neuchatelhockeyclub.ch\/index.php\/wp-json\/wp\/v2\/pages\/168","targetHints":{"allow":["GET"]}}],"collection":[{"href":"https:\/\/www.neuchatelhockeyclub.ch\/index.php\/wp-json\/wp\/v2\/pages"}],"about":[{"href":"https:\/\/www.neuchatelhockeyclub.ch\/index.php\/wp-json\/wp\/v2\/types\/page"}],"author":[{"embeddable":true,"href":"https:\/\/www.neuchatelhockeyclub.ch\/index.php\/wp-json\/wp\/v2\/users\/2"}],"replies":[{"embeddable":true,"href":"https:\/\/www.neuchatelhockeyclub.ch\/index.php\/wp-json\/wp\/v2\/comments?post=168"}],"version-history":[{"count":16,"href":"https:\/\/www.neuchatelhockeyclub.ch\/index.php\/wp-json\/wp\/v2\/pages\/168\/revisions"}],"predecessor-version":[{"id":689,"href":"https:\/\/www.neuchatelhockeyclub.ch\/index.php\/wp-json\/wp\/v2\/pages\/168\/revisions\/689"}],"up":[{"embeddable":true,"href":"https:\/\/www.neuchatelhockeyclub.ch\/index.php\/wp-json\/wp\/v2\/pages\/123"}],"wp:attachment":[{"href":"https:\/\/www.neuchatelhockeyclub.ch\/index.php\/wp-json\/wp\/v2\/media?parent=168"}],"curies":[{"name":"wp","href":"https:\/\/api.w.org\/{rel}","templated":true}]}}